{"id":37,"date":"2014-05-30T12:07:17","date_gmt":"2014-05-30T12:07:17","guid":{"rendered":"http:\/\/pixelgrade.com\/demos\/rosa2\/?page_id=37"},"modified":"2017-04-10T22:41:01","modified_gmt":"2017-04-10T22:41:01","slug":"reservations","status":"publish","type":"page","link":"https:\/\/www.restaurantelaviejaescuela.es\/?page_id=37","title":{"rendered":"CETS La Gomera"},"content":{"rendered":"<h3>Nuestro compromiso con la sostenibilidad<\/h3>\n<p>Como una sola voz, el grupo de empresas de La Gomera adheridas a la Carta de Europea de Turismo Sostenible, queremos manifestar nuestro compromiso con la sostenibilidad de nuestra isla para ofrecerla al visitante sin adulteraciones que la pudieran teatralizar, sin maquillajes que la confundan, exenta de cualquier a\u00f1adido que no sea su propia naturalidad. Presentarla como es, como ha sido, como nos gustar\u00eda que siguiera siendo en el futuro, para entregarla con id\u00e9ntica pureza a la que hemos heredado.<\/p>\n<p style=\"text-align: left;\"><a  class=\"pixcode  pixcode--btn  btn  btn--text\" href=\"http:\/\/www.gomeraexperience.es\/cets-la-gomera.html\" >Ver manifiesto completo<\/a>\n\t<div class=\"pixcode  pixcode--grid  grid\" >\n\t\t\n\t<div class=\"island grid__item six-twelfths palm-one-whole\" >\n\t\t\n<hgroup class=\"pixcode  pixcode--heading article__headline\">\n\t<h2 class=\"headline__secondary\"><span class=\"first-letter\">P<\/span>arque Nacional<\/h2>\n\t<h1 class=\"headline__primary\">Garajonay<\/h1>\n<\/hgroup>\n<div class=\"pixcode  pixcode--separator  separator separator--flower separator_color--dark\">&#10043;<\/div>\n\n<p style=\"text-align: center;\">Descubre el embrujo de un bosque del Terciario conservado entre agua y brumas. El Parque cuenta con una amplia red de equipamientos y servicios, entre los que cabe mencionar un Centro de Visitantes, un Centro de informaci\u00f3n, una amplia red de miradores, \u00e1reas recreativas, as\u00ed como una red de senderos perfectamente se\u00f1alizados, que permiten un mejor conocimiento y disfrute de esta aut\u00e9ntica joya natural.<\/p>\n<p style=\"text-align: center;\"><a href=\"http:\/\/www.gobiernodecanarias.org\/parquesnacionalesdecanarias\/es\/Garajonay\/\" target=\"_blank\"><strong>Web Oficial del Parque Nacional de Garajonay<\/strong><\/a><\/p>\n\t<\/div>\n\n\t<div class=\"grid__item six-twelfths palm-one-whole\" >\n\t\t\n<figure id=\"attachment_50\" aria-describedby=\"caption-attachment-50\" style=\"width: 800px\" class=\"wp-caption aligncenter\"><img loading=\"lazy\" decoding=\"async\" class=\"wp-image-50 size-full\" src=\"http:\/\/restaurantelaviejaescuela.es\/wp-content\/uploads\/2017\/04\/garajonay-brezal.jpg\" alt=\"Room 1 \u00a9 TheHawksMoor.com\" width=\"800\" height=\"533\" \/><figcaption id=\"caption-attachment-50\" class=\"wp-caption-text\">\u00a9 \u00c1ngel Fern\u00e1ndez<\/figcaption><\/figure>\n\t<\/div>\n\n\t<\/div>\n\n<div class=\"pixcode  pixcode--separator  separator separator--line-flower\">\n<div class=\"line  line--left\"><\/div>\n<div class=\"line  line--right\"><\/div>\n<div class=\"star\">&#10043;<\/div>\n<div class=\"arrows\">\n<div class=\"arrow arrow--left\"><\/div>\n<div class=\"arrow arrow--right\"><\/div>\n<\/div>\n<\/div>\n\n<p>&nbsp;<\/p>\n\t<div class=\"pixcode  pixcode--grid  grid\" >\n\t\t\n\t<div class=\"grid__item six-twelfths palm-one-whole\" >\n\t\t\n<figure id=\"attachment_50\" aria-describedby=\"caption-attachment-50\" style=\"width: 800px\" class=\"wp-caption aligncenter\"><img loading=\"lazy\" decoding=\"async\" class=\"wp-image-50 size-full\" src=\"http:\/\/restaurantelaviejaescuela.es\/wp-content\/uploads\/2017\/04\/agando.jpg\" alt=\"Room 1 \u00a9 TheHawksMoor.com\" width=\"800\" height=\"533\" \/><figcaption id=\"caption-attachment-50\" class=\"wp-caption-text\">\u00a9 Cabildo La Gomera<\/figcaption><\/figure>\n\t<\/div>\n\n\t<div class=\"island grid__item six-twelfths palm-one-whole\" >\n\t\t\n<hgroup class=\"pixcode  pixcode--heading article__headline\">\n\t<h2 class=\"headline__secondary\"><span class=\"first-letter\">W<\/span>eb Oficial<\/h2>\n\t<h1 class=\"headline__primary\">La Gomera<\/h1>\n<\/hgroup>\n<div class=\"pixcode  pixcode--separator  separator separator--flower separator_color--dark\">&#10043;<\/div>\n\n<p style=\"text-align: center;\">Descubre todo lo que necesitas saber para viajar a La Gomera. La Gomera cuenta con 16 Espacios Naturales Protegidos, adem\u00e1s del Parque Nacional de Garajonay, lo que supone un 33,3% de la superficie total de la isla.<\/p>\n<p style=\"text-align: center;\"><a href=\"http:\/\/www.lagomera.travel\/\" target=\"_blank\"><strong>Web Oficial de Turismo de La Gomera<\/strong><\/a><\/p>\n\t<\/div>\n\n\t<\/div>\n\n<div class=\"pixcode  pixcode--separator  separator separator--line-flower\">\n<div class=\"line  line--left\"><\/div>\n<div class=\"line  line--right\"><\/div>\n<div class=\"star\">&#10043;<\/div>\n<div class=\"arrows\">\n<div class=\"arrow arrow--left\"><\/div>\n<div class=\"arrow arrow--right\"><\/div>\n<\/div>\n<\/div>\n\n<p>&nbsp;<\/p>\n\t<div class=\"pixcode  pixcode--grid  grid\" >\n\t\t\n\t<div class=\"island grid__item six-twelfths palm-one-whole\" >\n\t\t\n<hgroup class=\"pixcode  pixcode--heading article__headline\">\n\t<h2 class=\"headline__secondary\"><span class=\"first-letter\">G<\/span>omera<\/h2>\n\t<h1 class=\"headline__primary\">Experience<\/h1>\n<\/hgroup>\n<div class=\"pixcode  pixcode--separator  separator separator--flower separator_color--dark\">&#10043;<\/div>\n\n<p style=\"text-align: center;\">Web que ayuda a los viajeros a descubrir La Gomera aut\u00e9ntica, apoyados con los alojamientos, restaurantes y actividades que recomienda el Parque Nacional de Garajonay.<\/p>\n<p style=\"text-align: center;\"><a href=\"http:\/\/www.gomeraexperience.es\/\" target=\"_blank\"><strong>Web de GomeraExperience.com<\/strong><\/a><\/p>\n\t<\/div>\n\n\t<div class=\"grid__item six-twelfths palm-one-whole\" >\n\t\t\n<figure id=\"attachment_50\" aria-describedby=\"caption-attachment-50\" style=\"width: 800px\" class=\"wp-caption aligncenter\"><img loading=\"lazy\" decoding=\"async\" class=\"wp-image-50 size-full\" src=\"http:\/\/restaurantelaviejaescuela.es\/wp-content\/uploads\/2017\/04\/gran-rey.jpg\" alt=\"Room 1 \u00a9 TheHawksMoor.com\" width=\"800\" height=\"533\" \/><figcaption id=\"caption-attachment-50\" class=\"wp-caption-text\">\u00a9 Hotel Gran Rey<\/figcaption><\/figure>\n\t<\/div>\n\n\t<\/div>\n\n<div class=\"pixcode  pixcode--separator  separator separator--line-flower\">\n<div class=\"line  line--left\"><\/div>\n<div class=\"line  line--right\"><\/div>\n<div class=\"star\">&#10043;<\/div>\n<div class=\"arrows\">\n<div class=\"arrow arrow--left\"><\/div>\n<div class=\"arrow arrow--right\"><\/div>\n<\/div>\n<\/div>\n\n<p>&nbsp;<\/p>\n\t<div class=\"pixcode  pixcode--grid  grid\" >\n\t\t\n\t<div class=\"grid__item six-twelfths palm-one-whole\" >\n\t\t\n<h3 style=\"text-align: center;\">Alimentos de La Gomera<\/h3>\n<p style=\"text-align: center;\">La cocina gomera, aun teniendo similares caracter\u00edsticas a las del resto del Archipi\u00e9lago, presenta ciertas singularidades que merece la pena conocer y, sobre todo, saborear.<\/p>\n<p style=\"text-align: center;\"><a href=\"http:\/\/www.alimentosdelagomera.com\/\" target=\"_blank\"><strong>Web Oficial de Alimentos de La Gomera<\/strong><\/a><\/p>\n\t<\/div>\n\n\t<div class=\"grid__item six-twelfths palm-one-whole\" >\n\t\t\n<h3 style=\"text-align: center;\">Transporte p\u00fablico de autobuses<\/h3>\n<p style=\"text-align: center;\">GuaguaGomera: La empresa Guaguagomera es la encargada de hacer el servicio regular de viajeros por carretera.<\/p>\n<p style=\"text-align: center;\"><a href=\"http:\/\/www.guaguagomera.com\/\" target=\"_blank\"><strong>Web del Transporte p\u00fablico de autobuses de La Gomera<\/strong><\/a><\/p>\n\t<\/div>\n\n\t<\/div>","protected":false},"excerpt":{"rendered":"<p>Nuestro compromiso con la sostenibilidad Como una sola voz, el grupo de empresas de La Gomera adheridas a la Carta de Europea de Turismo Sostenible, queremos manifestar nuestro compromiso con la sostenibilidad de nuestra isla para ofrecerla al visitante sin adulteraciones que la pudieran teatralizar, sin maquillajes que la confundan, exenta de cualquier a\u00f1adido que..<\/p>\n","protected":false},"author":1,"featured_media":663,"parent":0,"menu_order":0,"comment_status":"closed","ping_status":"closed","template":"","meta":{"footnotes":""},"class_list":["post-37","page","type-page","status-publish","has-post-thumbnail","hentry"],"_links":{"self":[{"href":"https:\/\/www.restaurantelaviejaescuela.es\/index.php?rest_route=\/wp\/v2\/pages\/37","targetHints":{"allow":["GET"]}}],"collection":[{"href":"https:\/\/www.restaurantelaviejaescuela.es\/index.php?rest_route=\/wp\/v2\/pages"}],"about":[{"href":"https:\/\/www.restaurantelaviejaescuela.es\/index.php?rest_route=\/wp\/v2\/types\/page"}],"author":[{"embeddable":true,"href":"https:\/\/www.restaurantelaviejaescuela.es\/index.php?rest_route=\/wp\/v2\/users\/1"}],"replies":[{"embeddable":true,"href":"https:\/\/www.restaurantelaviejaescuela.es\/index.php?rest_route=%2Fwp%2Fv2%2Fcomments&post=37"}],"version-history":[{"count":20,"href":"https:\/\/www.restaurantelaviejaescuela.es\/index.php?rest_route=\/wp\/v2\/pages\/37\/revisions"}],"predecessor-version":[{"id":739,"href":"https:\/\/www.restaurantelaviejaescuela.es\/index.php?rest_route=\/wp\/v2\/pages\/37\/revisions\/739"}],"wp:featuredmedia":[{"embeddable":true,"href":"https:\/\/www.restaurantelaviejaescuela.es\/index.php?rest_route=\/wp\/v2\/media\/663"}],"wp:attachment":[{"href":"https:\/\/www.restaurantelaviejaescuela.es\/index.php?rest_route=%2Fwp%2Fv2%2Fmedia&parent=37"}],"curies":[{"name":"wp","href":"https:\/\/api.w.org\/{rel}","templated":true}]}}